{"id":1455,"date":"2024-11-13T10:22:11","date_gmt":"2024-11-13T10:22:11","guid":{"rendered":"https:\/\/energytechnik.pl\/?page_id=1455"},"modified":"2025-01-19T08:00:58","modified_gmt":"2025-01-19T08:00:58","slug":"one-page-express","status":"publish","type":"page","link":"https:\/\/energytechnik.pl\/","title":{"rendered":"Front Page"},"content":{"rendered":"<div  id=\"energytechnik\" style=\"background-color: #ffffff;\" data-label=\"Energytechnik\" data-id=\"stripped-coloured-icon-boxes\" data-category=\"overlapable\" class=\"features-coloured-icon-boxes-section\" data-overlap=\"true\"> <div  class=\"gridContainer\"> <div  class=\"features-coloured-icon-boxes-innerrow flexbox-list dark-text\" data-type=\"row\"> <div  class=\"features-coloured-icon-boxes-featurecol cp3cols\"> <div  class=\"features-coloured-icon-boxes-iconcontainer\" data-content-item-container=\"true\"> <i  data-cp-fa=\"true\" class=\"features-coloured-icon fa fa-bolt\"><\/i> <\/div> <h4  class=\"\">Fotowoltaika<\/h4> <p  class=\"\">S\u0142oneczna energia dla Twojego domu \u2013 oszcz\u0119dzaj z panelami fotowoltaicznymi!<\/p>  <\/div> <div  class=\"features-coloured-icon-boxes-featurecol cp3cols\"> <div  class=\"features-coloured-icon-boxes-iconcontainer\" data-content-item-container=\"true\"> <i  data-cp-fa=\"true\" class=\"features-coloured-icon fa fa-home\"><\/i> <\/div> <h4  class=\"\">Pompy Ciep\u0142a<\/h4> <p  class=\"\">Ciep\u0142o, kt\u00f3re dba o Tw\u00f3j dom i \u015brodowisko \u2013 pompy ciep\u0142a dla komfortu i oszcz\u0119dno\u015bci!<\/p>  <\/div> <div  class=\"features-coloured-icon-boxes-featurecol cp3cols\"> <div  class=\"features-coloured-icon-boxes-iconcontainer\" data-content-item-container=\"true\"> <i  data-cp-fa=\"true\" class=\"features-coloured-icon fa fa-plug\"><\/i> <\/div> <h4  class=\"\">Instalacje Elektryczne<\/h4> <p  class=\"\">Bezpieczne rozwi\u0105zania dla Twojego domu i firmy \u2013 instalacje elektryczne na najwy\u017cszym poziomie!<\/p>  <\/div> <div  class=\"features-coloured-icon-boxes-featurecol cp3cols\"> <div  class=\"features-coloured-icon-boxes-iconcontainer\" data-content-item-container=\"true\"> <i  data-cp-fa=\"true\" class=\"features-coloured-icon fa fa-cog\"><\/i> <\/div> <h4  class=\"\">Us\u0142ugi<\/h4> <p  class=\"\">Precyzyjnie i sprawnie \u2013 us\u0142ugi minikopark\u0105 dla Twojej inwestycji!<\/p>  <\/div> <\/div> <\/div><\/div><div  id=\"o-firmie\" style=\"background-color: #f6f6f6;\" data-label=\"O Firmie\" data-id=\"about-big-images-section\" data-category=\"about\" class=\"about-big-images-section\"> <div  class=\"gridContainer\"> <div  class=\"about-big-images-textrow\"> <div  class=\"about-big-images-textcol dynamic-color\" data-type=\"column\">  <h3  class=\"\">O FIRMIE<\/h3> <p  class=\"\">Nasza firma specjalizuje si\u0119 w doradztwie oraz monta\u017cu paneli fotowoltaicznych, a tak\u017ce w kompleksowych instalacjach elektrycznych i pompach ciep\u0142a dla dom\u00f3w jednorodzinnych. Dzia\u0142amy na rynku od 2019 roku, zdobywaj\u0105c zaufanie klient\u00f3w i realizuj\u0105c liczne instalacje fotowoltaiczne, kt\u00f3re przynosz\u0105 realne oszcz\u0119dno\u015bci oraz wspieraj\u0105 ochron\u0119 \u015brodowiska.<br ><br >Zajmujemy si\u0119 r\u00f3wnie\u017c doborem oraz monta\u017cem pomp ciep\u0142a, dostosowanych do indywidualnych potrzeb naszych klient\u00f3w, co zapewnia efektywne ogrzewanie dom\u00f3w przy minimalnych kosztach eksploatacyjnych. Oferujemy r\u00f3wnie\u017c szeroki zakres us\u0142ug dodatkowych, w tym prace minikopark\u0105, co pozwala nam kompleksowo realizowa\u0107 projekty instalacyjne.<br ><br >Dzi\u0119ki naszemu do\u015bwiadczeniu, wiedzy oraz indywidualnemu podej\u015bciu, gwarantujemy profesjonalne doradztwo na ka\u017cdym etapie wsp\u00f3\u0142pracy \u2013 od planowania po monta\u017c i serwis. Naszym priorytetem jest zadowolenie klienta oraz dostarczanie nowoczesnych, ekologicznych rozwi\u0105za\u0144, kt\u00f3re poprawiaj\u0105 komfort \u017cycia i obni\u017caj\u0105 koszty energii.<\/p>  <\/div> <\/div> <\/div> <div  class=\"about-big-images-bottomrow\"> <div  class=\"about-big-images-leftimgcol\"><img  decoding=\"async\" class=\"about-big-images-leftimg\" src=\"https:\/\/energytechnik.pl\/wp-content\/uploads\/2024\/11\/IMG_20230424_191412.jpg\" alt=\"\"> <\/div> <div  class=\"about-big-images-centerimgcol\"><img  decoding=\"async\" class=\"about-big-images-centerimg\" src=\"https:\/\/energytechnik.pl\/wp-content\/uploads\/2024\/11\/IMG_20240129_164558.jpg\" alt=\"\"> <\/div> <div  class=\"about-big-images-rightimgcol\"><img  decoding=\"async\" class=\"about-big-images-rightimg\" src=\"https:\/\/energytechnik.pl\/wp-content\/uploads\/2024\/12\/91502111_1478423985662744_5646345306481098752_n.jpg\" alt=\"\"> <\/div> <\/div> <\/div><div  data-label=\"Realizacje\" data-id=\"features-square-image-section\" data-category=\"features\" class=\"features-square-image-section\" id=\"realizacje\" style=\"background-color: rgb(255, 255, 255);\"> <div  class=\"gridContainer dynamic-color\"> <div  class=\"features-square-image-textrow\"> <div  class=\"features-square-image-textcol\" data-type=\"column\"> <h2  class=\"\">REALIZACJE<\/h2>  <\/div> <\/div> <div  class=\"features-square-image-innerrow\" data-type=\"row\"> <div  class=\"features-square-image-featcol cp4cols cp6cols-tablet\"><img  decoding=\"async\" class=\"features-square-image-featimg\" src=\"https:\/\/energytechnik.pl\/wp-content\/uploads\/2024\/11\/118316079_1598664653638676_2588712302922950352_n.jpg\" alt=\"\">    <img  decoding=\"async\" class=\"custom-image\" src=\"https:\/\/energytechnik.pl\/wp-content\/uploads\/2024\/11\/IMG_20211002_234706.jpg\" alt=\"\"><img  decoding=\"async\" class=\"custom-image\" src=\"https:\/\/energytechnik.pl\/wp-content\/uploads\/2024\/11\/IMG_20220303_173643.jpg\" alt=\"\"><img  decoding=\"async\" class=\"custom-image\" src=\"https:\/\/energytechnik.pl\/wp-content\/uploads\/2024\/11\/107664830_1560962300742245_8762094131714751735_n.jpg\" alt=\"\"><img  decoding=\"async\" class=\"custom-image\" src=\"https:\/\/energytechnik.pl\/wp-content\/uploads\/2024\/11\/IMG_20230619_191820.jpg\" alt=\"\"><\/div> <div  class=\"features-square-image-featcol cp4cols cp6cols-tablet\"><img  decoding=\"async\" class=\"features-square-image-featimg\" src=\"https:\/\/energytechnik.pl\/wp-content\/uploads\/2024\/11\/IMG_20230722_144544.jpg\" alt=\"\">   <img  decoding=\"async\" class=\"custom-image\" src=\"https:\/\/energytechnik.pl\/wp-content\/uploads\/2024\/11\/IMG_20230424_191412.jpg\" alt=\"\"><img  decoding=\"async\" class=\"custom-image\" src=\"https:\/\/energytechnik.pl\/wp-content\/uploads\/2024\/11\/IMG_20230522_205632.jpg\" alt=\"\"><img  decoding=\"async\" class=\"custom-image\" src=\"https:\/\/energytechnik.pl\/wp-content\/uploads\/2024\/11\/IMG_20220326_135006.jpg\" alt=\"\"><img  decoding=\"async\" class=\"custom-image\" src=\"https:\/\/energytechnik.pl\/wp-content\/uploads\/2024\/11\/IMG_20220925_025338.jpg\" alt=\"\"><\/div> <div  class=\"features-square-image-featcol cp4cols cp6cols-tablet\"><img  decoding=\"async\" class=\"features-square-image-featimg\" src=\"https:\/\/energytechnik.pl\/wp-content\/uploads\/2024\/11\/107453175_1557366467768495_1935576635901378701_n.jpg\" alt=\"\">   <img  decoding=\"async\" class=\"custom-image\" src=\"https:\/\/energytechnik.pl\/wp-content\/uploads\/2024\/11\/IMG_20221020_073553.jpg\" alt=\"\"><img  decoding=\"async\" class=\"custom-image\" src=\"https:\/\/energytechnik.pl\/wp-content\/uploads\/2024\/11\/IMG_20220206_115013.jpg\" alt=\"\"><img  decoding=\"async\" class=\"custom-image\" src=\"https:\/\/energytechnik.pl\/wp-content\/uploads\/2024\/11\/118969198_1610773375761137_6581621920960238319_n.jpg\" alt=\"\"><img  decoding=\"async\" class=\"custom-image\" src=\"https:\/\/energytechnik.pl\/wp-content\/uploads\/2024\/11\/IMG_20220423_132017.jpg\" alt=\"\"><\/div> <\/div> <\/div><\/div><div  data-label=\"Partnerzy\" data-id=\"clients-strip-section\" data-category=\"clients\" class=\"clients-strip-section\" id=\"partnerzy\" style=\"background-color: rgb(246, 246, 246);\"> <div  class=\"row_187\" data-type=\"row\" data-add-content=\"false\">    <div  class=\"clients-strip-itemcol cp2cols\"> <div  class=\"middle_align1\"><a  href=\"https:\/\/corab.pl\" target=\"_self\" class=\"\"><img  decoding=\"async\" class=\"clients-strip-itemimg\" src=\"https:\/\/energytechnik.pl\/wp-content\/uploads\/2024\/11\/corab.png\"><\/a> <\/div> <\/div> <div  class=\"clients-strip-itemcol cp2cols\"> <div  class=\"middle_align1\"><a  href=\"https:\/\/corab.pl\" target=\"_self\" class=\"\"><img  decoding=\"async\" class=\"clients-strip-itemimg\" src=\"https:\/\/energytechnik.pl\/wp-content\/uploads\/2024\/11\/encor.png\"><\/a> <\/div> <\/div> <div  class=\"clients-strip-itemcol cp2cols\"> <div  class=\"middle_align1\"><a  href=\"https:\/\/www.exotherm.pl\" target=\"_self\" class=\"\"><img  decoding=\"async\" class=\"clients-strip-itemimg\" src=\"https:\/\/energytechnik.pl\/wp-content\/uploads\/2024\/11\/exotherm.jpg\"><\/a> <\/div> <\/div> <div  class=\"clients-strip-itemcol cp2cols\"> <div  class=\"middle_align1\"><a  href=\"http:\/\/cee-kozmin.pl\" target=\"_self\" class=\"\"><img  decoding=\"async\" class=\"clients-strip-itemimg\" src=\"https:\/\/energytechnik.pl\/wp-content\/uploads\/2024\/11\/ecc.png\"><\/a> <\/div> <\/div><div  class=\"clients-strip-itemcol cp2cols\"> <div  class=\"middle_align1\"><a  href=\"https:\/\/corab.pl\" target=\"_self\" class=\"\"><img  decoding=\"async\" class=\"clients-strip-itemimg\" src=\"https:\/\/energytechnik.pl\/wp-content\/uploads\/2024\/11\/sofar.jpg\"><\/a> <\/div> <\/div><div  class=\"clients-strip-itemcol cp2cols\"> <div  class=\"middle_align1\"><a  href=\"https:\/\/corab.pl\" target=\"_self\" class=\"\"><img  decoding=\"async\" class=\"clients-strip-itemimg\" src=\"https:\/\/energytechnik.pl\/wp-content\/uploads\/2024\/11\/risen.png\"><\/a> <\/div> <\/div><\/div><\/div>","protected":false},"excerpt":{"rendered":"<p>Fotowoltaika S\u0142oneczna energia dla Twojego domu \u2013 oszcz\u0119dzaj z panelami fotowoltaicznymi! Pompy Ciep\u0142a Ciep\u0142o, kt\u00f3re dba o Tw\u00f3j dom i \u015brodowisko \u2013 pompy ciep\u0142a dla komfortu i oszcz\u0119dno\u015bci! Instalacje Elektryczne Bezpieczne rozwi\u0105zania dla Twojego domu i firmy \u2013 instalacje elektryczne na najwy\u017cszym poziomie! Us\u0142ugi Precyzyjnie i sprawnie \u2013 us\u0142ugi minikopark\u0105 dla Twojej inwestycji! O FIRMIE&hellip; <br \/> <a class=\"button small blue\" href=\"https:\/\/energytechnik.pl\/\">Dowiedz si\u0119 wi\u0119cej<\/a><\/p>\n","protected":false},"author":1,"featured_media":0,"parent":0,"menu_order":0,"comment_status":"closed","ping_status":"closed","template":"","meta":{"footnotes":""},"class_list":["post-1455","page","type-page","status-publish","hentry"],"_links":{"self":[{"href":"https:\/\/energytechnik.pl\/index.php?rest_route=\/wp\/v2\/pages\/1455","targetHints":{"allow":["GET"]}}],"collection":[{"href":"https:\/\/energytechnik.pl\/index.php?rest_route=\/wp\/v2\/pages"}],"about":[{"href":"https:\/\/energytechnik.pl\/index.php?rest_route=\/wp\/v2\/types\/page"}],"author":[{"embeddable":true,"href":"https:\/\/energytechnik.pl\/index.php?rest_route=\/wp\/v2\/users\/1"}],"replies":[{"embeddable":true,"href":"https:\/\/energytechnik.pl\/index.php?rest_route=%2Fwp%2Fv2%2Fcomments&post=1455"}],"version-history":[{"count":13,"href":"https:\/\/energytechnik.pl\/index.php?rest_route=\/wp\/v2\/pages\/1455\/revisions"}],"predecessor-version":[{"id":1549,"href":"https:\/\/energytechnik.pl\/index.php?rest_route=\/wp\/v2\/pages\/1455\/revisions\/1549"}],"wp:attachment":[{"href":"https:\/\/energytechnik.pl\/index.php?rest_route=%2Fwp%2Fv2%2Fmedia&parent=1455"}],"curies":[{"name":"wp","href":"https:\/\/api.w.org\/{rel}","templated":true}]}}